
Calculate the highest common divisor of 3472085 and 205.
205
Calculate the highest common divisor of 12252 and 36.
12
What is the greatest common divisor of 965 and 65427?
193
Calculate the greatest common factor of 5448 and 19632.
24
Calculate the greatest common divisor of 72700 and 75.
25
Calculate the greatest common factor of 50 and 539080.
10
Calculate the highest common divisor of 1325 and 50.
25
What is the greatest common factor of 45 and 42495?
15
What is the highest common divisor of 364255 and 9972?
277
Calculate the greatest common factor of 1034 and 9447658.
1034
What is the greatest common factor of 9641 and 2883?
31
What is the greatest common divisor of 77321 and 2672?
167
What is the greatest common factor of 12 and 874884?
12
Calculate the greatest common factor of 254043 and 27.
27
What is the greatest common divisor of 588038 and 44?
22
Calculate the greatest common divisor of 15360 and 112.
16
What is the highest common divisor of 417827 and 614?
307
What is the greatest common factor of 1970 and 320?
10
Calculate the highest common divisor of 232200 and 45.
45
Calculate the greatest common divisor of 325445 and 5.
5
Calculate the greatest common divisor of 3843 and 497.
7
What is the highest common factor of 8378 and 3599?
59
Calculate the greatest common factor of 310880 and 58.
58
Calculate the greatest common divisor of 84 and 39333.
21
What is the highest common factor of 2670 and 107690?
890
Calculate the greatest common divisor of 174 and 8787.
87
Calculate the greatest common factor of 8 and 6466.
2
Calculate the highest common factor of 246 and 6109.
41
What is the greatest common divisor of 232 and 145?
29
What is the highest common factor of 1320 and 984?
24
Calculate the highest common factor of 2031 and 1124497.
677
What is the highest common divisor of 189919 and 4244?
1061
What is the greatest common divisor of 12064 and 1030718?
754
Calculate the greatest common divisor of 1585514 and 3117.
1039
What is the greatest common divisor of 21252 and 364?
28
Calculate the highest common divisor of 111537 and 18.
9
Calculate the greatest common factor of 18009 and 24041.
29
What is the highest common factor of 335 and 190079?
67
Calculate the highest common divisor of 337513 and 4697.
671
Calculate the greatest common divisor of 256 and 186672.
16
Calculate the highest common divisor of 210184 and 188.
188
What is the greatest common factor of 5858896 and 16?
16
What is the highest common factor of 15136 and 3956?
172
What is the greatest common factor of 504 and 135496?
8
Calculate the highest common divisor of 1572 and 141.
3
What is the highest common factor of 52 and 450?
2
What is the greatest common factor of 556 and 50735?
139
Calculate the highest common divisor of 3807 and 17061.
141
What is the greatest common divisor of 67439 and 17?
17
Calculate the greatest common divisor of 57 and 1984303.
19
What is the highest common divisor of 41973 and 51?
51
Calculate the highest common divisor of 9918 and 16245.
171
Calculate the highest common divisor of 1253941 and 39.
13
What is the greatest common divisor of 1326 and 18174?
78
What is the highest common divisor of 139633 and 24518?
299
What is the highest common factor of 6 and 340674?
6
Calculate the greatest common factor of 284 and 13703.
71
What is the greatest common factor of 314759 and 74?
37
Calculate the highest common divisor of 35786 and 4727.
29
What is the highest common divisor of 11858 and 434?
14
What is the greatest common factor of 216453 and 207?
69
Calculate the highest common divisor of 728 and 136448.
104
Calculate the greatest common divisor of 43088 and 3088.
16
What is the greatest common factor of 2890 and 23630?
170
Calculate the highest common factor of 162074 and 636.
106
What is the greatest common divisor of 1384 and 78023?
173
What is the highest common factor of 306685 and 1577?
83
Calculate the greatest common divisor of 1626 and 2379651.
813
Calculate the greatest common divisor of 225 and 50175.
225
Calculate the highest common divisor of 222 and 148.
74
What is the greatest common divisor of 525 and 49245?
105
Calculate the greatest common factor of 270 and 991560.
30
Calculate the greatest common factor of 23735 and 48985.
505
Calculate the greatest common factor of 955424 and 73.
73
What is the highest common divisor of 2275 and 12935?
65
Calculate the greatest common factor of 13794 and 6118.
38
What is the greatest common divisor of 6324 and 6572?
124
Calculate the highest common divisor of 84 and 101932.
4
What is the highest common factor of 461900 and 596?
596
Calculate the highest common factor of 565352 and 51.
17
What is the greatest common divisor of 394 and 5359582?
394
What is the highest common divisor of 2496 and 1037296?
208
Calculate the highest common divisor of 4689255 and 15.
15
Calculate the greatest common factor of 36572 and 20.
4
Calculate the greatest common factor of 401 and 4890997.
401
Calculate the greatest common factor of 770418 and 27.
27
What is the highest common divisor of 867649 and 1793?
163
Calculate the highest common factor of 399 and 156161.
19
What is the highest common divisor of 11000 and 33?
11
What is the highest common factor of 169 and 14391?
13
Calculate the highest common divisor of 4353 and 624.
3
What is the greatest common divisor of 1029 and 672?
21
Calculate the highest common divisor of 114492 and 1827.
609
What is the highest common divisor of 476 and 35054?
34
Calculate the highest common factor of 51 and 480862.
17
What is the highest common divisor of 200 and 343480?
40
What is the highest common factor of 8136 and 360?
72
Calculate the greatest common divisor of 12 and 157494.
6
What is the greatest common factor of 120 and 106254?
6
Calculate the greatest common divisor of 1845 and 676377.
369
Calculate the highest common factor of 1113092 and 68.
68
Calculate the greatest common divisor of 52171 and 551.
29
Calculate the highest common divisor of 184 and 7376.
8
Calculate the greatest common factor of 312714 and 162.
54
What is the greatest common divisor of 339 and 3753069?
339
What is the highest common divisor of 63 and 23037?
21
Calculate the greatest common divisor of 1155037 and 161.
23
What is the highest common factor of 198 and 13596?
66
Calculate the highest common divisor of 5041 and 53818.
71
What is the highest common divisor of 175 and 28350?
175
Calculate the greatest common factor of 391324 and 228.
76
What is the greatest common divisor of 187369 and 182?
91
Calculate the highest common factor of 300 and 62300.
100
What is the highest common factor of 3192 and 2280?
456
Calculate the greatest common divisor of 569012 and 76.
76
Calculate the highest common factor of 112 and 289604.
28
Calculate the greatest common factor of 12624 and 28930.
526
Calculate the greatest common factor of 69492 and 16.
4
Calculate the highest common factor of 173 and 19895.
173
What is the greatest common divisor of 16 and 1213904?
16
What is the highest common divisor of 4960 and 656?
16
What is the highest common divisor of 2031107 and 299?
299
What is the greatest common divisor of 46 and 88412?
46
Calculate the greatest common factor of 36 and 4197.
3
What is the greatest common factor of 32680 and 24700?
380
What is the greatest common divisor of 16 and 544904?
8
Calculate the greatest common factor of 133350 and 93450.
1050
What is the highest common divisor of 2948 and 53868?
268
Calculate the greatest common factor of 4357947 and 55.
11
Calculate the greatest common factor of 30738 and 2350.
94
What is the greatest common divisor of 295 and 2148485?
295
Calculate the greatest common divisor of 164667 and 8799.
1257
What is the highest common divisor of 189460 and 100?
20
Calculate the highest common divisor of 15184 and 432.
16
Calculate the highest common divisor of 200 and 54440.
40
Calculate the highest common divisor of 3419 and 10907.
13
What is the greatest common factor of 6968 and 35048?
104
What is the highest common divisor of 450 and 3945?
15
Calculate the highest common divisor of 525 and 2525425.
175
What is the greatest common factor of 193634 and 126?
14
Calculate the highest common divisor of 1332 and 2016.
36
What is the greatest com